.
3, 11
Let f = -2674 - -5227. What are the prime factors of f?
3, 23, 37
Let w be (-2)/(4/22) - 0. Let s(c) = 2 + 4*c - 6*c + 1 + 4. What are the prime factors of s(w)?
29
Let t(w) = -w**3 + w**2 + 7*w - 3. Let z be t(3). Suppose -2*d = -z*d + 2*n + 4, -5*d + 4*n = -35. Suppose -180 = -d*c - 6. List the prime factors of c.
2, 29
Let d(l) = 2*l**2 - 14*l - 52. List the prime factors of d(-13).
2, 3, 13
Suppose -4*v + 30 = 2*v. Suppose f = -3*f - 5*r + 36, f = v*r - 16. Suppose 0*u + 22 = u - 3*n, -f*u - 4*n = -120. What are the prime factors of u?
2, 7
Let q be (8/(-3))/(28/(-42)). Suppose -q*t + 545 = t. List the prime factors of t.
109
Suppose -115 = 2*d + 5*q, -5*q = -q - 4. Let h = d + 91. List the prime factors of h.
31
Let t = 10 - 7. Suppose -2*p = -t*i - 2*i + 20, -p = 0. Suppose r - 3*g - 8 = 0, -3*r + 24 = -i*g - 25. List the prime factors of r.
23
Let k be 3/15 - 1559/(-5). Suppose 0 = 3*p - 6*p + k. What are the prime factors of 6/(-4)*p/(-6)?
2, 13
Suppose 0 = -5*w + 1017 + 2888. List the prime factors of w.
11, 71
Suppose 0 = -2*r + t - 2 + 11, 0 = -2*r - 3*t + 21. Suppose -r*h = -h - 690. Suppose -j + h = 2*j. What are the prime factors of j?
2, 23
Suppose x + 2*n = 657, 4*x + 2*n + 0*n = 2640. What are the prime factors of x?
661
Let b(t) = 3*t**3 - 11*t**2 - 10*t + 48. List the prime factors of b(8).
2, 5
Suppose 5172 = 4*f - 4*d, 3*d = -3*f - 1081 + 4990. What are the prime factors of f?
2, 11, 59
Suppose 6*a - x = 3*a + 40, 2*a + 2*x - 16 = 0. Suppose -3*s - 1 + 10 = 0, -2*s = 2*n - a. Let q = 3 + n. What are the prime factors of q?
2, 3
Let m = -4 - -9. Suppose -m - 19 = -4*v. Suppose v*t = 3*t + 21. List the prime factors of t.
7
List the prime factors of 5730/40*(-60)/(-9).
5, 191
What are the prime factors of 8/(-5)*8740/(-23)?
2, 19
Let n(j) be the first derivative of -9*j**2/2 - 7*j - 12. Let l(b) = -b**2 + 6*b + 9. Let t be l(8). List the prime factors of n(t).
2, 7
Suppose -3*v + 8*v + 90 = -5*b, v = -5*b - 22. What are the prime factors of (4/1 + -10)*v?
2, 3, 17
Let z be ((-13)/26)/((-2)/100). Let d be -3 + -1 + 0 - 1. Let y = d + z. List the prime factors of y.
2, 5
Let c(w) be the second derivative of w**3/6 + 4*w**2 - 4*w. What are the prime factors of c(-5)?
3
Let a = 20 + -11. Suppose -10*w = -w - 144. Let t = a + w. What are the prime factors of t?
5
Suppose -3*x = -6*x + 4*n - 73, n + 5 = 0. Let w be -2 + 60 - 0 - 1. Let s = w + x. List the prime factors of s.
2, 13
Suppose 5*h + 20 = 0, -h - 5758 = -4*b + 1410. List the prime factors of b.
3, 199
Suppose 0 = 4*z - 8*z + 12. Let y = 2 + z. Let j(r) = r**3 - 4*r**2 + r + 6. What are the prime factors of j(y)?
2, 3
Let i(z) = -7*z + 6. Let h = 18 + -26. List the prime factors of i(h).
2, 31
Let q = 519 - -335. List the prime factors of q.
2, 7, 61
Let x(b) = -2*b**2 - 14*b + 4. Let a be x(-7). Suppose j - 10 = y + a*y, -j + 38 = 2*y. List the prime factors of j.
2, 3, 5
List the prime factors of (24/5)/(18/5130).
2, 3, 19
Let o = -30 - -35. Let q = 22 - o. List the prime factors of q.
17
Let g = -1 - -4. Suppose 4 = -3*d + 5*h + 41, g*d - 32 = 4*h. What are the prime factors of d?
2
Let g = 555 + 966. What are the prime factors of g?
3, 13
List the prime factors of (2214/45)/((-6)/(-40)) + 1.
7, 47
Let u(z) = -z + 1. Let f(i) = 8. Let x(y) = -f(y) - u(y). Let g be x(9). Suppose -h - 3*a + 36 = -6*a, -4*h - 2*a + 88 = g. What are the prime factors of h?
2, 3
Let c = -14 - -16. Suppose -5*j + 175 = c*k, 5*j - 77 = -k + 6*j. List the prime factors of k.
2, 5
Let x be ((-18)/(-4))/(-2*(-9)/768). Suppose x = -6*j + 10*j. List the prime factors of j.
2, 3
Suppose u + 6 = 3*u + b, 0 = b. Suppose 0*z - 4*z + 2*v = -46, -u*v = -9. Let m(c) = c - 11. List the prime factors of m(z).
2
Let g(f) = 3*f**2 + 3*f + 2. Let r be g(-1). Suppose 5*v - k - 116 = -0*k, r*k + 88 = 4*v. List the prime factors of v.
2, 3
Let q(g) be the third derivative of 11*g**4/24 - 10*g**3/3 - g**2. What are the prime factors of q(5)?
5, 7
Let n(f) = -68*f - 640. What are the prime factors of n(-31)?
2, 367
Let v = -68 + 28. Let j be -3*(3 + v/12). Let b = 7 + j. List the prime factors of b.
2
Let p be ((-10)/(-25) - (-403)/5)/1. Suppose 3*b - 2*f - 32 = 14, 0 = -5*b - f + p. What are the prime factors of b?
2
Let t(b) = 14*b + 18. Let c be t(5). Suppose c = 3*r - 4*p, 2*r - 4*r + p + 67 = 0. What are the prime factors of r?
2, 3
Let s(p) = -10*p - 4*p + 31 - 44*p**2 + 56*p**2 + p**3. List the prime factors of s(-13).
2, 11
Suppose -5*j - 57 = -17. List the prime factors of (6/j)/((-15)/310)*2.
31
Let l be (-2)/(-2 + (-11)/(-6)). Suppose -l = 6*g + 12. List the prime factors of (0 + -4)*2/g.
2
Let a be (-16)/(-32) - 6/(-4). Let h(u) be the second derivative of u**4/4 - u**3/6 + 3*u**2/2 + u. List the prime factors of h(a).
13
Let q = -24 + -4. Let p be q/(-20) - (-2)/(-5). What are the prime factors of (p - -27) + (-2 - 1)?
5
Suppose 43*a - 7227 = 10*a. What are the prime factors of a?
3, 73
Let k be 5/(-20) - 38/8. Let d be (26/8)/(k/(-20)). Suppose 2*n = 4*l - 214, 2*n = -2*l + d + 91. List the prime factors of l.
53
Let q = 71 + -71. Suppose 2*t + q - 458 = 0. What are the prime factors of t?
229
Let g = -72 + 72. Suppose g = -3*t - 5*t + 248. List the prime factors of t.
31
What are the prime factors of (-4523)/(-4) + (-9)/(-36)?
3, 13, 29
Let t(y) = 6*y - 12 + y**2 + 11*y - 2*y**2 - 1. Suppose -2*f = 4*u - 60, -u + 0*f - f = -16. List the prime factors of t(u).
29
Let s = -2799 + 9272. List the prime factors of s.
6473
List the prime factors of -7 - -8 - (-3148)/4.
2, 197
Let w = -20 - -16. Let d = 13 + w. Suppose -168 = -5*i - r, 5*r + 60 = 2*i + d. List the prime factors of i.
3, 11
Let p(g) = g**2 - 4*g - 8. Let s be 6/4*(-20)/(-6). Suppose -s + 23 = 3*d. What are the prime factors of p(d)?
2
Suppose 4 = 7*h - 2327. List the prime factors of h.
3, 37
Let w(o) = -o + 6. Suppose 3*u - 3 = -4*j, j = -0*j - u. Let y be w(j). Suppose 0 = -2*r + y*r - 28. What are the prime factors of r?
2, 7
Let o(x) = 9*x**3 - 5*x**2 + 2*x + 4. Let r be o(4). Suppose -4*n + r = 4*c - 5*c, -n + 136 = 2*c. What are the prime factors of n?
2
Let h = -9 - -13. Let p be -5*(3 - (h - 0)). Suppose p*u - 3*x - 105 = 2*x, 5*u - 4*x = 109. List the prime factors of u.
5
Suppose -2*o + 4 = -3*x + 15, 2*x = 2. List the prime factors of 7*(o + (-24)/(-4)).
2, 7
Let b(x) = 130*x + 121. What are the prime factors of b(6)?
17, 53
Suppose 0 = -0*u - 5*u. Let s be 2/6*(-3 + 12). Suppose s*n = 3*x + 45, u = 2*n + x - 32 + 2. List the prime factors of n.
3, 5
Let m = -308 + 468. Suppose 9*h + m = 13*h. List the prime factors of h.
2, 5
Let f be (-3 - -7 - (1 - -2)) + 0. Let i(w) = 25*w**2 - 6*w + 7. What are the prime factors of i(f)?
2, 13
Let y be (-15)/10*(-8)/4. Let q be 2/(2*-1) + 9. List the prime factors of 84*y*q/36.
2, 7
Suppose -d = 14*d - 5205. What are the prime factors of d?
347
Let t = 712 + -114. List the prime factors of t.
2, 13, 23
Suppose -2223 = -4*h - 2*k - 531, 3*h - 1287 = 3*k. List the prime factors of h.
5, 17
Let y = -61 + 94. Let z = y + 92. Suppose -5*q + z - 20 = 0. List the prime factors of q.
3, 7
Suppose 6*p - 7 = 5*p. Suppose 2*v - 13 = -5*y + v, -v = 3*y - p. List the prime factors of (-334)/(-6) - (-1)/y.
2, 7
Suppose 0 = -5*z + r + 3, 4*z - 3*r = -0 + 9. Suppose b - 5*x - 84 = z, 113 = -0*b + 2*b + x. List the prime factors of b.
59
Let s be (2/4)/((-2)/332). Let i = s + 132. List the prime factors of i.
7
Let p = 50 + -7. Suppose 2*s - b - p - 45 = 0, 3*s + 5*b = 106. What are the prime factors of s?
2, 3, 7
List the prime factors of (-61)/((6/72)/(9/(-12))).
3, 61
Let k = 779 + -256. What are the prime factors of k?
523
Suppose 5*n - m - 65 = -6*m, 2*n = m + 41. Suppose n*l - 219 = 303. What are the prime factors of l?
29
Let h = -99 + 125. Suppose -h = -6*a + 5*a. What are the prime factors of a?
2, 13
List the prime factors of 363/(-3993) - (31307/(-11))/1.
2, 1423
Let d = -10 + 18. Suppose -2*s = -s + 3*z + d, 4*s - 13 = -3*z. Suppose -s*q + q = -234. List the prime factors of q.
3, 13
Suppose 0*g = 3*g - 4*b - 13861, 3*g = b + 13876. What are the prime factors of g?
7, 661
Let y = -1845 + 2694. List the prime factors of y.
3, 283
What are the prime factors of 9 - 13020/6*-1?
2179
Lis